j = -3*q, 3*q + 3*j - 5 - 10 = 0. Suppose -q*r + 27 + 17 = 0. What are the prime factors of r?
2, 11
What are the prime factors of (-2320)/(-55) + (-6)/33?
2, 3, 7
Let g = -23 + 70. List the prime factors of g.
47
Let o = -170 + 283. What are the prime factors of o?
113
Suppose 2*r = 6, 5*o = 2*r - 5*r + 559. List the prime factors of o.
2, 5, 11
Let i = 1 + 34. List the prime factors of i.
5, 7
Let i(d) = d**2 - 10*d - 11. Let c be i(11). Let l be (-3 - -2 - 1)*-1. Suppose c = o - l. What are the prime factors of o?
2
Suppose -8*g + 8 = -7*g. Suppose -5*a + 148 = g. List the prime factors of a.
2, 7
Let z = 146 + 18. List the prime factors of z.
2, 41
Let k(y) = y**3 - 7*y**2 + 6*y + 5. Let o(r) = r + 1. Let b be o(5). Let a be k(b). Suppose -2*i + 25 = a. List the prime factors of i.
2, 5
What are the prime factors of -2*(-2)/(-2)*-20?
2, 5
Let j be -1 + (-2 + 1)*-3. Suppose 2*k - 40 = -j*k. List the prime factors of k.
2, 5
Suppose 4 + 2 = 3*c. Suppose 0 = -c*h + l + 17, -l + 6 = l. Let i = h + -2. List the prime factors of i.
2
Suppose 5*c = -86 + 11. Let v(n) = n**3 - 4*n**2 - 3*n - 6. Let a be v(5). What are the prime factors of a/10 - 54/c?
2
Suppose -2*j - 55 = -5*t, 2*t + 3*j = 4 + 18. Let i = t + 7. List the prime factors of i.
2, 3
Suppose 439 = 5*x - 3*d, -3*x + 5*x - 157 = -5*d. List the prime factors of x.
2, 43
Let j(w) = -w**3 + 6*w**2 + 11*w - 8. Let p be j(7). Suppose -a = 1, -4*o - p = -5*a - 181. What are the prime factors of o?
3, 13
Let b = -2 - -5. Let f(i) = -b*i - 7 + 4 + 0 - 5. List the prime factors of f(-7).
13
Let n = 17 + 7. Suppose -4*l + 6*l - n = 0. What are the prime factors of l?
2, 3
Let x = -8 - -20. Suppose 3*j = -9, 2*y - 4 - x = 4*j. Let z = y + 2. What are the prime factors of z?
2
Suppose 0 = 3*k - 12 - 0. Let f(i) = i. List the prime factors of f(k).
2
Suppose 14*n = 11*n + 603. List the prime factors of n.
3, 67
Suppose 0*x = -x + 4*s - 14, 4*x = 3*s - 4. List the prime factors of x.
2
Let o = -6 + 9. List the prime factors of o.
3
Suppose -3*b - 2*b = -w - 180, 0 = -5*w. List the prime factors of b.
2, 3
Let l be 3*(600/(-9))/(-4). Let f be l/18 + 2/9. What are the prime factors of (-2)/(-3) - (-52)/f?
2, 3
Suppose -4*s = -4, -s = -2*y + s + 14. Suppose -5*u + y = -2*m - 0, -5*m + 13 = 4*u. Let k = 24 - u. List the prime factors of k.
2, 11
Let f be (-7)/(-3) - 9/27. Suppose 0 = f*t - 8 - 60. List the prime factors of t.
2, 17
Suppose -4*m - 6*h = -2*h - 696, -869 = -5*m - 4*h. List the prime factors of m.
173
Suppose 36 + 432 = 4*c. What are the prime factors of c?
3, 13
Let y be -1 - 0/((-4)/(-2)). Let f be y + 1 - -2 - 1. List the prime factors of (0 + f)/((-2)/(-6)).
3
Suppose 2*h - 6 = -34. Let x be 2/7 + (-752)/h. Let b = -38 + x. List the prime factors of b.
2
Let w = -139 + 263. Suppose w = 2*y + 2*y. List the prime factors of y.
31
Let i be (-1)/(-4) + (-252)/(-16). Suppose 4*q - 48 = -3*m, -3*q = 3*m - i - 29. List the prime factors of m.
2, 3
Suppose 9*y = -60 + 330. What are the prime factors of y?
2, 3, 5
Let z = 2217 + -1510. What are the prime factors of 1/(-5) - z/(-35)?
2, 5
What are the prime factors of (-2)/(-2) - 138/(-2)?
2, 5, 7
Let i = 254 + 177. What are the prime factors of i?
431
Let h(k) = -8 + 3*k**2 + 8*k - 4*k**2 + 6*k. List the prime factors of h(12).
2
Let v(d) = -122*d + 2. Let j be v(-3). Suppose -4*r - 4*r = -j. List the prime factors of r.
2, 23
Let b(s) = 2*s - 2. Let f = -4 + 6. Let x be b(f). Suppose 21 = x*h + 1. List the prime factors of h.
2, 5
Let q(m) = -m**2 - 13*m - 7. Let f be q(-7). Suppose -28 = -5*d + 22. Suppose -2*r = 3*c - f, -d = c + 3*r - 24. What are the prime factors of c?
11
Let g(v) be the first derivative of -v**4/4 + 8*v**3/3 + v**2/2 - 4*v - 8. What are the prime factors of g(8)?
2
What are the prime factors of (62/4)/((-4)/(-8))?
31
Suppose 2*w - 356 - 286 = 0. List the prime factors of w.
3, 107
Suppose -i = -5*i - 4*o - 44, -2*i - o = 25. Let n be 148/28 - (-4)/i. Suppose -14 - 41 = -n*w. What are the prime factors of w?
11
Let u(i) = -i**2 - 8*i - 15. Let c be u(-5). Suppose 0*m - m + 16 = c. What are the prime factors of m?
2
Suppose -3*j = 5*d - 6 + 51, 2*d = 4*j + 8. What are the prime factors of (d/(-5))/((-5)/(-50))?
2, 3
Let l(z) = -2*z**3 + 8*z**2 + z + 6. Let q(x) = x**3 - 7*x**2 - x - 5. Let d(a) = -2*l(a) - 3*q(a). What are the prime factors of d(-3)?
2, 3
Suppose 6*s - 30 = 8*s. What are the prime factors of 68/(-6)*s/10?
17
Let p(g) = 37*g**3. What are the prime factors of p(1)?
37
Let x(d) = d**2 - 8*d. Let t be x(8). Suppose f = 3*r - 39, 2*f = 3*r - t*f - 36. Suppose -w - r = -5*p, 4*p = 2*w + 1 - 3. What are the prime factors of w?
11
Let l be 1/((-2)/14 + 0). List the prime factors of (1 - l)*(-21)/(-28).
2, 3
Suppose -4*o + d + 28 = 0, 0 = 3*o - 2*d - 7 - 9. Let x = 23 - o. List the prime factors of x.
3, 5
Let x(r) = 22*r - 8. Let s(y) = -9*y + 3. Let i(f) = -12*s(f) - 5*x(f). List the prime factors of i(-5).
2, 7
Suppose 0 = 4*y - 6 - 30. List the prime factors of y.
3
Suppose -4*s = -r - 2*r + 92, -20 = 4*s. What are the prime factors of r?
2, 3
Let z be 2/4*(-32)/(-4). Suppose m = 4*i + i - 54, -z*i + 60 = -5*m. List the prime factors of i.
2, 5
Let j = 3 - -7. Suppose -j = -r + 18. List the prime factors of r.
2, 7
What are the prime factors of 6/33 + (-502)/(-22)?
23
Let f(v) = -v. Let i be f(-6). Suppose -8 = i*y - 152. List the prime factors of y.
2, 3
Suppose p - 7 = -o, 3*o = 5*p - 8 - 3. List the prime factors of o.
3
Let b be 0/((-6)/(-3) + -1). Suppose -k + 53 = -5*i, 5*k = -b*k - 4*i + 236. What are the prime factors of k?
2, 3
Suppose -33*w = -27*w - 510. List the prime factors of w.
5, 17
Suppose -5*d + 275 - 10 = 0. Suppose 2*b + j = 24 + 3, -d = -3*b + j. List the prime factors of b.
2
List the prime factors of (41*(-2 + 1))/(-1*1).
41
Suppose 0 = -2*k + 2*l + 13 - 1, -8 = 2*l. Suppose 0 = -k*b - 3*b + 65. What are the prime factors of b?
13
Suppose 4*q + 4*b - 12 = 0, -2*b + 24 = -0*q + 5*q. What are the prime factors of q?
2, 3
Let x(n) = n**3 + n**2 + 2*n. Let t be x(2). Suppose 3*d = 4*y - 2*y + t, -3*y - 27 = -5*d. Let r = -1 + d. What are the prime factors of r?
5
Let v(y) = -y**2 - 19*y - 25. List the prime factors of v(-16).
23
Suppose -4*d + 2*p = d - 24, 3 = 3*d - 5*p. What are the prime factors of d?
2, 3
Let r(z) = -4*z + 3 + 5*z**2 + 0*z**2 - 6 - 3*z**2. List the prime factors of r(-2).
13
Suppose -5*x = 2*s + 10, -s + 2*x = -6 + 2. Suppose s*d = d - 125. Suppose 3*h + d = 5*t, 4*h = -t + 3*h + 17. What are the prime factors of t?
2, 11
Let a = -933 + 1310. List the prime factors of a.
13, 29
Let v = -9 - -23. List the prime factors of -2 + 0 + -2 + v.
2, 5
Let f = 53 - 25. List the prime factors of f.
2, 7
Let q be ((-8)/(-3))/(4/6). Suppose -q*y = -x - 19, -2*x - x = -2*y + 7. List the prime factors of y.
5
Let m = 32 + -70. List the prime factors of (-2)/4 + m/(-4).
3
Suppose 5*i = -3*p - 2, 3*i + 0*p = -4*p - 10. Let v be (-3)/i*(-4)/3. Suppose v*w + 15 = 7*w. List the prime factors of w.
3
Suppose 0 = -6*j + j - 3*b + 2, 2*j + 3*b - 8 = 0. Let p = j - -3. List the prime factors of p*(0/(-1) + 11).
11
Let b(f) = f**2 - f + 5. Let p be b(0). Suppose -w + p*x - 15 = -2, 3*w + 5*x - 21 = 0. What are the prime factors of w?
2
Let q(a) = -a**3 + 3*a**2 - 2*a + 4. Suppose -15 = -7*h + 2*h. Let x be q(h). List the prime factors of (-1)/x*(24 - 2).
11
Let z = -41 + 110. What are the prime factors of z?
3, 23
Suppose -3 - 7 = -5*w. What are the prime factors of (5 + 4/w)*2?
2, 7
Suppose -2*g = -g - 15. Suppose g = 3*j - 12. What are the prime factors of j?
3
Suppose 4*j = t - 5*t + 4, 3*t = 3*j - 9. List the prime factors of t*(-4)/8*14.
7
Let x = 86 + -41. Let y = -24 + x. What are the prime factors of y?
3, 7
Suppose 0 = 4*a - 2*z - 278, 2*a + a - z = 209. List the prime factors of a.
2, 5, 7
Let q(s) = -s**3 - 17*s**2 + 17*s + 43. List the prime factors of q(-18).
61
Let y(i) = -i**3 - 7*i**2 + 3. Let s be (-4)/(-10) - (-8)/5. Suppose 7 = -s*n + n. List the prime factors of y(n).
3
Let f(g) be the second derivative of 0 - 3*g + 0*g**2 + 1/12*g**4 + 7/20*g**5 + 0*g**3. List the prime factors of f(1).
2
Let l(n) = -11*n - 1. Let a be l(1). Let z be (-5)/(-2)*(-2 + -6). Let h = a - z. L